{"id":161,"date":"2017-06-28T17:46:56","date_gmt":"2017-06-28T15:46:56","guid":{"rendered":"http:\/\/www.gite-pollen.com\/english\/?page_id=161"},"modified":"2017-11-22T10:04:26","modified_gmt":"2017-11-22T09:04:26","slug":"links","status":"publish","type":"page","link":"https:\/\/www.gite-pollen.com\/english\/links\/","title":{"rendered":"Links"},"content":{"rendered":"<p><strong>LOCAL INFORMATION<br \/>\n<\/strong><\/p>\n<p style=\"padding-left: 30px;\"><b>&#8211; <\/b><a href=\"http:\/\/graniersavoie.free.fr\" target=\"_blank\" rel=\"noopener\">http:\/\/graniersavoie.free.fr<\/a><br \/>\nSyndicat d&#8217;initiative du village de Granier.<br \/>\n&#8211; <a href=\"http:\/\/www.laplagne-vallee.com\" target=\"_blank\" rel=\"noopener\">http:\/\/www.laplagne-vallee.com<\/a><br \/>\n&#8211; <a href=\"http:\/\/www.tourisme-savoie.com\" target=\"_blank\" rel=\"noopener\">http:\/\/www.tourisme-savoie.com<\/a><br \/>\n&#8211; <a href=\"http:\/\/www.gites-refuges.com\" target=\"_blank\" rel=\"noopener\">http:\/\/www.gites-refuges.com<\/a><br \/>\nGuide des g\u00eetes et refuges<\/p>\n<p><strong>MOUNTAIN GUIDES<\/strong><\/p>\n<p style=\"padding-left: 30px;\">&#8211; <a href=\"http:\/\/www.bruno-pellicier.com\" target=\"_blank\" rel=\"noopener\">http:\/\/www.bruno-pellicier.com<\/a><br \/>\nGuide de Haute Montagne.<br \/>\n&#8211; <a href=\"http:\/\/www.guidemontagne.com\" target=\"_blank\" rel=\"noopener\">http:\/\/www.guidemontagne.com<\/a><br \/>\nBureau des guides de Monchavin \/ La Plagne avec qui nous travaillons r\u00e9guli\u00e8rement.<\/p>\n<p><strong>MOUNTAIN INFORMATION<\/strong><\/p>\n<p style=\"padding-left: 30px;\">&#8211; <a href=\"http:\/\/www.bruno-pellicier.com\" target=\"_blank\" rel=\"noopener\">http:\/\/www.bruno-pellicier.com<\/a><br \/>\n&#8211; <a href=\"http:\/\/www.sngm.com\" target=\"_blank\" rel=\"noopener\">http:\/\/www.sngm.com<\/a><br \/>\nSyndicat National des Guides de Montagne.<br \/>\n&#8211; <a href=\"http:\/\/www.camptocamp.com\" target=\"_blank\" rel=\"noopener\">http:\/\/www.camptocamp.com<\/a><br \/>\nSite d&#8217;information sur la pratique de la montagne.<br \/>\n&#8211; <a href=\"http:\/\/www.vanoise.com\" target=\"_blank\" rel=\"noopener\">http:\/\/www.vanoise.com<\/a><br \/>\nParc National de la Vanoise.<br \/>\n&#8211; <a href=\"http:\/\/www.hotel-du-grand-capelet.fr\" target=\"_blank\" rel=\"noopener\">http:\/\/www.hotel-du-grand-capelet.fr<\/a><br \/>\nMarion et Gabriel vous attendent dans leur h\u00f4tel de montagne de la vall\u00e9e de la Gordelasque au c\u0153ur du Parc du Mercantour \u00e0 1h 30 de Nice<\/p>\n<p><strong>WHITE WATER ACTIVITIES<\/strong><\/p>\n<p style=\"padding-left: 30px;\">&#8211; <a href=\"http:\/\/www.coureurs-rivieres.com\" target=\"_blank\" rel=\"noopener\">http:\/\/www.coureurs-rivieres.com<\/a><br \/>\nMoniteur de rafting avec qui nous travaillons r\u00e9guli\u00e8rement.<br \/>\n&#8211; <a href=\"http:\/\/www.an-rafting.com\" target=\"_blank\" rel=\"noopener\">http:\/\/www.an-rafting.com<\/a><br \/>\nBase de rafting situ\u00e9e \u00e0 Aime.<br \/>\n&#8211; <a href=\"http:\/\/www.franceraft.com\" target=\"_blank\" rel=\"noopener\">http:\/\/www.franceraft.com<\/a><br \/>\nBase de rafting situ\u00e9e \u00e0 Centron.<\/p>\n<p><strong>SKI RESORTS<br \/>\n<\/strong><\/p>\n<p style=\"padding-left: 30px;\">&#8211; <a href=\"http:\/\/www.laplagne.com\" target=\"_blank\" rel=\"noopener\">http:\/\/www.laplagne.com<\/a><br \/>\nStation de La Plagne.<br \/>\n&#8211; <a href=\"http:\/\/www.lesarcs.com\" target=\"_blank\" rel=\"noopener\">http:\/\/www.lesarcs.com<\/a><br \/>\nStation des Arcs.<br \/>\n&#8211; <a href=\"http:\/\/www.paradiski.com\" target=\"_blank\" rel=\"noopener\">http:\/\/www.paradiski.com<\/a><br \/>\nEnsemble des stations de La Plagne, Peisey-Valandry, Les Arcs.<\/p>\n<p><strong>POTTERY<\/strong><\/p>\n<p style=\"padding-left: 30px;\">&#8211; <a href=\"http:\/\/www.poteriecarpediem.blogspot.fr\" target=\"_blank\" rel=\"noopener\">http:\/\/www.poteriecarpediem.blogspot.fr<\/a><br \/>\nStage de poterie et rando p\u00e9destre<\/p>\n","protected":false},"excerpt":{"rendered":"<p>LOCAL INFORMATION &#8211; http:\/\/graniersavoie.free.fr Syndicat d&#8217;initiative du village de Granier. &#8211; http:\/\/www.laplagne-vallee.com &#8211; http:\/\/www.tourisme-savoie.com &#8211; http:\/\/www.gites-refuges.com Guide des g\u00eetes et refuges MOUNTAIN GUIDES &#8211; http:\/\/www.bruno-pellicier.com Guide de Haute Montagne. &#8211; http:\/\/www.guidemontagne.com Bureau des guides de Monchavin \/ La Plagne avec qui nous travaillons r\u00e9guli\u00e8rement. MOUNTAIN INFORMATION &#8211; http:\/\/www.bruno-pellicier.com &#8211; http:\/\/www.sngm.com Syndicat National des Guides de<a class=\"read-more\" href=\"https:\/\/www.gite-pollen.com\/english\/links\/\">Lire la suite<\/a><\/p>\n","protected":false},"author":3,"featured_media":0,"parent":0,"menu_order":70,"comment_status":"closed","ping_status":"closed","template":"","meta":{"_acf_changed":false,"footnotes":"","_links_to":"","_links_to_target":""},"class_list":["post-161","page","type-page","status-publish","hentry"],"acf":[],"_links":{"self":[{"href":"https:\/\/www.gite-pollen.com\/english\/wp-json\/wp\/v2\/pages\/161"}],"collection":[{"href":"https:\/\/www.gite-pollen.com\/english\/wp-json\/wp\/v2\/pages"}],"about":[{"href":"https:\/\/www.gite-pollen.com\/english\/wp-json\/wp\/v2\/types\/page"}],"author":[{"embeddable":true,"href":"https:\/\/www.gite-pollen.com\/english\/wp-json\/wp\/v2\/users\/3"}],"replies":[{"embeddable":true,"href":"https:\/\/www.gite-pollen.com\/english\/wp-json\/wp\/v2\/comments?post=161"}],"version-history":[{"count":6,"href":"https:\/\/www.gite-pollen.com\/english\/wp-json\/wp\/v2\/pages\/161\/revisions"}],"predecessor-version":[{"id":490,"href":"https:\/\/www.gite-pollen.com\/english\/wp-json\/wp\/v2\/pages\/161\/revisions\/490"}],"wp:attachment":[{"href":"https:\/\/www.gite-pollen.com\/english\/wp-json\/wp\/v2\/media?parent=161"}],"curies":[{"name":"wp","href":"https:\/\/api.w.org\/{rel}","templated":true}]}}